lculate v(-1).
-379
Let z(p) = -7818*p**2 + 7855*p - 17. Give z(1).
20
Let g(p) = -p**3 - 85*p**2 - 15*p - 803. Calculate g(-85).
472
Let r(d) = 4663*d - 3610. What is r(0)?
-3610
Let u(v) = v**3 - 34*v**2 + 298*v - 190. Give u(18).
-10
Let u(l) = 2*l**3 + 18*l**2 - 132*l - 1203. Calculate u(-8).
-19
Let o(p) = 3*p**3 + 13*p**2 + 320*p + 1590. What is o(-5)?
-60
Let v(g) = 2*g**2 - 13665*g + 313238. Give v(23).
1
Let l(m) = -m**2 - 112*m - 708. What is l(-106)?
-72
Let v(l) = -399*l + 28713. Calculate v(72).
-15
Let r(a) = 14294*a + 814806. Calculate r(-57).
48
Let l(y) = -72*y**2 - 12608*y - 108902. Give l(-166).
-6
Let j(o) = o**3 - 334*o**2 - 3053*o + 357. Determine j(-9).
51
Let d(p) = 344*p - 1153. What is d(4)?
223
Let l(u) = 7*u**2 + 4016*u + 39916. Give l(-10).
456
Let i(q) = -210*q + 53015. Calculate i(252).
95
Let j(o) = -54911*o + 1537551. Calculate j(28).
43
Let a(u) = u**2 + 2779*u - 176177. Calculate a(62).
-35
Let k(x) = -24*x**2 - 161*x - 1486. Give k(-5).
-1281
Let q(s) = -26669*s - 4267044. Determine q(-160).
-4
Let o(d) = -47605*d - 285641. Calculate o(-6).
-11
Let o(v) = -v**2 + 13109*v + 104939. Give o(-8).
3
Let x(m) = 4*m**2 - 229*m + 1666. Give x(48).
-110
Let w(x) = x**3 + 446*x**2 + 49330*x + 240. Calculate w(-243).
-3
Let r(d) = 154925*d - 464804. Determine r(3).
-29
Let l(v) = -v**3 + 47*v**2 - 227*v - 847. Determine l(41).
-68
Let m(l) = 3606923*l + 46889988. Calculate m(-13).
-11
Let q(r) = -101*r**2 - 18869*r - 18771. Give q(-1).
-3
Let i(w) = -7477*w + 3603911. Give i(482).
-3
Let q(y) = -y**2 + 90*y + 156372. Give q(443).
-7
Let k(w) = w**3 + 29*w**2 + 2048*w + 59397. Calculate k(-29).
5
Let y(l) = -2*l**2 - 151*l - 775. Give y(0).
-775
Let b(i) = -59*i**2 + 150*i - 2. Calculate b(3).
-83
Let p(n) = 27635*n**2 + 82910*n + 16. Calculate p(-3).
1
Let k(s) = 2*s**3 - 363*s**2 + 10881*s + 954. Calculate k(38).
4
Let g(h) = -h**3 + 66*h**2 + 713*h + 1934. Give g(76).
-1638
Let x(p) = -2*p**3 + 75*p**2 + 58*p - 778. Calculate x(38).
-18
Let z(v) = -3*v**3 - 24*v**2 - 53*v - 117. What is z(-10)?
1013
Let k(s) = 21*s**2 + 14*s + 12. What is k(6)?
852
Let a(t) = 2485*t - 19066. Calculate a(8).
814
Let x(d) = d**3 + 133*d**2 + 135*d - 365. What is x(-132)?
-761
Let p(u) = -2*u**3 - 143*u**2 + 1358*u - 160. Calculate p(-80).
0
Let t(z) = -994*z + 19585. Give t(26).
-6259
Let z(n) = -2075*n - 1865414. What is z(-899)?
11
Let j(b) = -78*b**2 - 35160*b + 8124. Determine j(-451).
6
Let m(k) = -k**3 + 109*k**2 + 73*k + 4208. What is m(110)?
138
Let n(m) = 8750*m - 62764. Give n(7).
-1514
Let r(q) = -4*q**3 - 448*q**2 - 288*q + 161. Calculate r(-1).
5
Let j(m) = 2*m**3 + 7*m**2 + 131*m + 734. Calculate j(-5).
4
Let v(y) = -75*y**2 - 8476*y - 137. Give v(-113).
-24
Let n(q) = q**3 - 29*q**2 - 251*q + 1459. Determine n(35).
24
Let b(s) = 494*s + 8865. Give b(-18).
-27
Let u(x) = 28057*x - 168363. What is u(6)?
-21
Let t(i) = -1619*i**2 - 6480*i - 11. Calculate t(-4).
5
Let n(r) = 48*r**2 + 131*r - 380. Determine n(5).
1475
Let n(s) = 3*s**2 + 1074*s + 29573. Give n(-30).
53
Let o(x) = -6450*x + 774044. Determine o(120).
44
Let r(f) = -311328*f + 6537886. Give r(21).
-2
Let j(t) = t**3 + 98*t**2 + 1759*t + 8779. Calculate j(-10).
-11
Let x(j) = 13894*j + 3112229. Determine x(-224).
-27
Let f(p) = 2986*p - 14825. Determine f(5).
105
Let g(s) = -14*s**3 + 139*s**2 + 4553*s - 45428. Give g(10).
2
Let d(t) = -t**2 - 1314*t + 36171. Determine d(27).
-36
Let u(q) = -q**2 + 6917*q - 253914. Determine u(37).
646
Let a(f) = -58*f**2 + 289*f + 1696. Determine a(-6).
-2126
Let t(s) = -2*s**3 - 145*s**2 + 232*s + 1251. Determine t(-74).
511
Let a(k) = 1072*k - 5700. Give a(6).
732
Let a(z) = -4*z**3 - 510*z**2 - 820*z - 7969. Calculate a(-126).
95
Let u(q) = -q**3 + 63*q**2 - 40*q - 1231. Calculate u(62).
133
Let v(r) = 179453*r + 1256179. Determine v(-7).
8
Let f(v) = v**2 - 173803*v - 695225. What is f(-4)?
3
Let q(c) = -2*c**2 + 2560*c - 72543. Give q(29).
15
Let s(p) = 763314*p + 5343251. Give s(-7).
53
Let t(q) = -3356*q + 13182. What is t(4)?
-242
Let y(p) = p**3 + 161*p**2 + 4930*p + 317. Calculate y(-41).
-93
Let y(h) = -9081*h - 2288429. What is y(-252)?
-17
Let g(x) = 3*x**2 - 537*x + 2101. What is g(175)?
1
Let c(m) = 28*m**2 + 828*m + 544. Determine c(-29).
80
Let l(d) = 130*d + 4781. Calculate l(-40).
-419
Let j(l) = -l**3 - 182*l**2 - 347*l + 2341. Determine j(-180).
1
Let j(t) = -85*t**2 - 593*t + 679. What is j(-8)?
-17
Let y(w) = -66*w**3 + 792*w**2 - w + 8. Calculate y(12).
-4
Let q(d) = -8498*d + 1121740. Calculate q(132).
4
Let v(t) = -2614*t + 28702. Determine v(11).
-52
Let i(j) = -61*j**2 - 437*j - 5. What is i(-7)?
65
Let h(p) = -1571*p**3 + 13*p**2 + 14*p + 3. Calculate h(-1).
1573
Let n(s) = -27*s**2 - 5881*s - 23088. Determine n(-4).
4
Let o(k) = 38218*k + 19. Calculate o(0).
19
Let o(n) = -177*n**2 + 133*n - 1. Give o(1).
-45
Let w(b) = b**2 - 3719873*b - 18599387. Give w(-5).
3
Let o(f) = -122665*f - 858721. What is o(-7)?
-66
Let i(g) = -g**2 + 391*g + 17489. Calculate i(-40).
249
Let f(k) = 169543*k + 508594. Calculate f(-3).
-35
Let k(t) = t**3 - 9*t**2 - 118*t - 789. What is k(-9)?
-1185
Let c(q) = -217*q + 4316. Calculate c(20).
-24
Let v(h) = 45521*h + 500722. Determine v(-11).
-9
Let j(w) = -6098*w + 372053. Give j(61).
75
Let c(p) = -39343*p - 747512. Determine c(-19).
5
Let z(m) = -m**3 - 568*m**2 + 80*m - 604216. Give z(-570).
-16
Let y(z) = -386*z**2 - 127*z - 367. Calculate y(-3).
-3460
Let i(w) = w**3 + 6*w**2 + 44*w + 287. Determine i(-9).
-352
Let s(t) = 797*t + 1431. What is s(-3)?
-960
Let i(y) = -y**3 + 42*y**2 + 36*y + 1663. Give i(45).
-2792
Let d(p) = -48*p**2 + 50353*p - 1049. Determine d(1049).
0
Let v(p) = 14699*p - 220487. Calculate v(15).
-2
Let j(i) = i**3 + 383*i**2 + 1019*i - 1403. Give j(1).
0
Let b(r) = -r**3 - 23*r**2 - 217*r - 1544. Calculate b(-14).
-270
Let z(p) = p**2 - 4459*p + 17843. Determine z(4).
23
Let g(h) = 952*h - 44841. What is g(53)?
5615
Let s(x) = -279*x - 24294. Give s(-87).
-21
Let n(m) = 71*m**3 + m**2 - 10*m - 4. Determine n(-1).
-64
Let p(l) = 18*l**2 - 5912*l - 11831. Determine p(-2).
65
Let u(t) = t**3 - 7794*t**2 + 371810*t - 98. What is u(48)?
-2
Let s(p) = 11967*p - 694104. What is s(58)?
-18
Let u(l) = 27*l**3 + 299*l**2 + 151*l + 1406. Determine u(-11).
-13
Let m(t) = -46*t - 1462. What is m(-31)?
-36
Let f(g) = 348*g**3 + 8007*g**2 + 69*g + 1. Give f(-23).
1
Let x(o) = 3*o**3 + 22*o**2 - 265*o + 556. Calculate x(4).
40
Let g(y) = -2*y**2 - 1401*y - 69277. Calculate g(-53).
-642
Let v(y) = -y**3 + 12*y**2 - 1847*y + 22139. Give v(12).
-25
Let w(g) = -14*g**2 - 7781*g + 1554542. Calculate w(156).
2
Let g(i) = 3905*i - 1640111. Calculate g(420).
-11
Let i(n) = -n**3 + 677*n**2 - 8628*n - 2654. What is i(664)?
2
Let j(s) = 6*s**2 - 1224*s - 4340. What is j(205)?
-3110
Let p(n) = 519*n + 38441. Give p(-74).
35
Let o(b) = -10*b**2 - 34*b + 295. Calculate o(-11).
-541
Let g(u) = -2077899*u - 14545286. Give g(-7).
7
Let y(j) = -1425533*j + 5702132. Calculate y(4).
0
Let f(g) = -13075*g - 14395562. Give f(-1101).
13
Let f(o) = -15*o**3 - 1919*o**2 + 133*o + 158. Determine f(-128).
-482
Let t(i) = -3*i**3 - 28*i**2 - 18*i - 34. Calculate t(-9).
47
Let t(j) = 7*j**2 + 40*j - 18. What is t(-8)?
110
Let b(d) = -113270*d + 339812. What is b(3)?
2
Let a(t) = -4874*t + 151480. Calculate a(31).
386
Let x(t) = -t**3 - 40*t**2 - 90*t - 1577. Give x(-39).
412
Let c(t) = 11112*t + 222231. Give c(-20).
-9
Let c(j) = -4*j**2 - 798*j + 5318. Determine c(-206).
-38
Let t(i) = 9*i**2 - 132*i - 3611. Calculate t(-15).
394
Let z(y) = -42523*y - 212612. Determine z(-5).
3
Let f(q) = -q**2 + 509*q + 3066. Determine f(-6).
-24
Let a(z) = z**2 + 13*z - 6277. Calculate a(65).
-1207
Let h(r) = -13299*r + 186215. What is h(14)?
29
Let i(z) = z**3 - 6*z**2 - 785*z + 6162. Determine i(8).
10
Let n(i) = 14*i**2 + 252*i - 126. What is n(-22)?
1106
Let t(s) = 528*s - 93691. Calculate t(177).
-235
Let f(m) = 2*m - 1741. Calculate f(95).
-1551
Let j(d) = 422427*d - 3801846. What is j(9)?
-3
Let y(z) = -2*z**3 - 10*z**2 + 302701*z + 1513504. Determine y(-5).
-1
Let i(m) = 109*m**3 + 543*m**2 - 145*m - 651. Calculate i(-5).
24
Let h(p) = 5*p**2 + 751*p + 453. Determine h(-150).
303
Let j(b) 